813)/(-6) - (-2 + 5/2).
3, 5
Let j = -3 + 8. Let o(y) = -y - 3*y + 0*y + 6*y. List the prime factors of o(j).
2, 5
Let x = 1 + 10. Let u = -6 + x. Suppose u*h = 5*f + 10, -7*h + 2*f = -2*h - 19. List the prime factors of h.
5
Let w(f) be the third derivative of -f**5/60 - f**4/4 - 2*f**3/3 + 2*f**2. Suppose -2*u - 18 = 4*j, 2*u + 2*u + 4 = 0. What are the prime factors of w(j)?
2
Suppose 7 = -3*v + 13. Suppose v*y = y + 21. What are the prime factors of y?
3, 7
Suppose 0 = 2*d - 23 - 25. What are the prime factors of d?
2, 3
Let u = 31 + -9. Suppose 6*y - y - u = -h, -3*y = -h - 10. What are the prime factors of h?
2
Suppose -20 = 2*m - 5*r, 53 + 67 = -5*m - 5*r. Let g = 44 + m. List the prime factors of g.
2, 3
Suppose -2*n = 2*n + 24. Let q = 7 - n. What are the prime factors of q?
13
Let z(s) = s - 12. Let b(l) = 6. Let n(c) = 5*b(c) + 3*z(c). Suppose -i - 3*i + 16 = 0. List the prime factors of n(i).
2, 3
Let n = 12 + -6. Let b = n - -1. Let k = b + -2. What are the prime factors of k?
5
Suppose -5*t = 4*t - 2871. What are the prime factors of t?
11, 29
Suppose -34 = -3*p + 5*k, 2*p + k - 31 = 6*k. Suppose -76 = -p*r + 8. What are the prime factors of r?
2, 7
Suppose m + 20 = 4*t, 5*m + 2*t = -3*t. Let c(b) = 2*b**2 + 7*b + 4. What are the prime factors of c(m)?
2
Suppose 0 = w + 3, 2*q - q - 2*w - 21 = 0. Let l = 25 - q. List the prime factors of l.
2, 5
Suppose -3*k + 100 = 2*l, l + 0 + 1 = 0. What are the prime factors of k?
2, 17
Let o = 192 - 112. What are the prime factors of o?
2, 5
Suppose -d - 2*p - 3 = -129, p + 350 = 3*d. List the prime factors of d.
2, 59
Let v(b) = b**3 - 2*b - 1. Let t be v(2). Suppose -6 = t*m - 5*g - 24, -2*g + 30 = 5*m. What are the prime factors of m?
2, 3
Let a = -32 + 158. Suppose -4*b + a = 6. What are the prime factors of b?
2, 3, 5
Let w(h) = h**2 - 3*h + 1. Let x(i) = i**3 - i**2 + 5. Let y be x(0). Suppose 4*t - 30 = -2*z, 3*t - 3*z = t - y. List the prime factors of w(t).
11
Let x be (-2)/(-1*(-3)/(-6)). Suppose 0 = -x*n - 2*g + 88, g + 4*g + 10 = 0. List the prime factors of n.
23
Let w(y) = 9*y**2 - y + 1. Let x be ((-3)/(-2) + -2)*-2. List the prime factors of w(x).
3
Let p = 1 + 7. What are the prime factors of (-88)/(-14) - p/28?
2, 3
Suppose -2*l - 11 = 4*o + o, -5*l - 3*o = -20. Suppose l = 4*h - 1. What are the prime factors of h?
2
Let x(p) = 2*p - 15. Let y be x(7). Suppose -5*v + 6 = 16. List the prime factors of (1 - (y - v)) + 2.
2
Suppose 2*l + 4 - 12 = 0. Suppose -40 = -5*b - 10*i + 5*i, -l*i = -8. List the prime factors of b.
2, 3
Suppose 7*q - 399 = -0*q. List the prime factors of q.
3, 19
Let d = -1 - 9. List the prime factors of 5/d + (-9)/(-2).
2
Let k(q) be the first derivative of 13*q**3/3 - q + 3. Let m = 2 - 3. What are the prime factors of k(m)?
2, 3
Suppose 3*s + 2*c = 3, 4*c - 2*c = -2*s + 2. List the prime factors of 2 - 33/(-3)*s.
13
Let d = -1 + -2. Let q be (d - -1)*(3 - 4). What are the prime factors of -2 + -1 - -21 - q?
2
Suppose 4*q - 2*l - 2*l = -40, q - 3*l = -20. Let x(v) = -11*v**3 + 2*v - 1. Let d be x(2). List the prime factors of (d/(-2))/q*-2.
17
Let o(d) = -d**3 - 10*d**2 - 8*d + 12. Let m be o(-9). List the prime factors of ((-3)/m)/((-2)/64).
2
Let w = 1 - 3. What are the prime factors of (14/(-3))/(w/3)?
7
Suppose -5*f + 5*j - 70 = -235, -5*f + 3*j + 155 = 0. What are the prime factors of (-8)/f + (-79)/(-7)?
11
Let h(p) = 7*p**2 + 7*p + 19. Let n(d) = -3*d**2 - 4*d - 9. Let g(r) = -2*h(r) - 5*n(r). List the prime factors of g(-5).
2
Suppose -6*k = -795 - 381. What are the prime factors of k?
2, 7
Let s be -5 - -1 - (0 + -1). List the prime factors of ((-12)/7)/(s/21).
2, 3
List the prime factors of (-2022)/(-36) - 1/6.
2, 7
Let z(t) be the first derivative of -t**4 + t**2 + t - 2. Let i be z(-1). Let q(s) = s**2 + s. List the prime factors of q(i).
2, 3
Suppose -2*q = -3*r + q + 306, 3*r = 4*q + 309. List the prime factors of r.
3, 11
Let j be 30/(-5)*(-4)/(-6). Let l be (-10)/j - (-4)/8. Let a = 6 - l. What are the prime factors of a?
3
Let o(j) = j**3 - 3*j**2 - 11*j - 9. What are the prime factors of o(6)?
3, 11
List the prime factors of (244/(-12))/(7/(-21)).
61
Suppose -3*b - r + 518 = 4*r, 4*b + 3*r - 709 = 0. What are the prime factors of b?
181
Suppose -2*v + 4 = -3*n, 5*n + 4 + 4 = 4*v. Let t = 3 + n. Suppose 0 = -5*z + 5*o + 33 - 8, -t*z + o = -25. What are the prime factors of z?
2, 5
Let s(a) = -19*a - 1. Let p(r) = -r + 5. Let l be p(6). List the prime factors of s(l).
2, 3
Suppose 2*a + 7*t - 2*t - 276 = 0, -3*t = 2*a - 276. List the prime factors of a.
2, 3, 23
Let j = -10 + 13. Suppose -x + j*x = 34. What are the prime factors of x?
17
Let t = -2 - -4. Suppose -l + t*l - m - 10 = 0, -2*l - m + 8 = 0. List the prime factors of l.
2, 3
What are the prime factors of (-228)/(-18)*15 + -3?
11, 17
Let q(p) = -5*p + 3. Let o(m) = -m - 1. Let u(x) = 4*o(x) - q(x). Let f be u(6). What are the prime factors of (4 + -17)*(f + 0)?
13
Let g(p) = -p**3 + p**2 - p. Let h(k) = -6*k**3 + 9*k**2 - 8*k. Let a(v) = 4*g(v) - h(v). What are the prime factors of a(3)?
3, 7
Let i = 5 + -3. What are the prime factors of 2 + 0 + 0/i?
2
Let i(k) = k**3 + 2*k**2 - k + 1. Let j be i(-2). Suppose 0 = -r - 2*r, j*m - 2*r = 30. List the prime factors of m.
2, 5
Suppose -2*r = -3*r - 5*j + 65, -4*j = -3*r + 233. Suppose r = 3*m - 4*x, 3*x = 2*m - 0*m - 49. List the prime factors of m.
29
Suppose 5*w - 3*u = 68, -u + 30 - 10 = w. List the prime factors of w.
2
Let u = 34 - 21. Let l = -6 + u. Let v = l - 3. What are the prime factors of v?
2
Suppose -4*m + 3*s = s - 32, -8 = -2*m + 3*s. What are the prime factors of -10*(0 + (-8)/m)?
2
Suppose 4*i - 96 = -0*i. List the prime factors of i.
2, 3
Suppose 6*g = 3*g - 3, -3*g = -2*f + 15. What are the prime factors of (-6)/(-3 + f)*-19?
2, 19
Let q be 2 + (1 - (0 + -2)). Suppose y = 3*y - 120. Suppose -q*w + y = -0*w. What are the prime factors of w?
2, 3
Let w = -3 - -4. Let m = -4 + w. What are the prime factors of (1/m)/((-1)/33)?
11
Let j(w) = -2*w**3 - 13*w**2 - 6*w - 5. Let n be j(-6). Let z(b) = b**2 - 5*b - 2. Let s be z(5). Let p = s - n. What are the prime factors of p?
3
Let j be (-4)/(-14) - (-10)/(-35). Suppose j*h = 2*h - 108. List the prime factors of h.
2, 3
Suppose -2*h - h - 5*v = 33, 5*v = 0. Let q = -7 - h. What are the prime factors of q?
2
Suppose 2*x = 3*b + 15, 0 = 2*b + 5*x - 3*x + 20. Let u(l) = l**3 + 7*l**2 - l + 6. List the prime factors of u(b).
13
Suppose -2 + 5 = 3*s. Suppose -j + s = -5. What are the prime factors of j?
2, 3
Suppose 0*l = -4*l - 4. List the prime factors of 25 + (0 - (l - -4)).
2, 11
Let z(g) = -g**2 - g + 1. Let s(o) = -6*o**2 - 23*o - 17. Let r(f) = -s(f) + 5*z(f). What are the prime factors of r(-17)?
5
Let d = -4 - -6. Suppose -b - d + 12 = 0. Let j(r) = -r**3 + 10*r**2 + r + 3. List the prime factors of j(b).
13
Let x(c) = -c**3 - 9*c**2 - 2*c + 5. Let o be x(-9). Let h = 32 - o. What are the prime factors of h?
3
Let c(w) = 6*w**3 + 3*w**2 - 9*w - 6. Let h(b) = -7*b**3 - 3*b**2 + 10*b + 6. Let u(d) = -6*c(d) - 5*h(d). What are the prime factors of u(-5)?
2, 3
Let c(t) = 2*t**3 + 2*t**2 - 4*t + 2. Let w be (-6)/(-4)*4/3. Let j be c(w). Let i = j - 12. What are the prime factors of i?
2, 3
Let y = -23 - -73. Suppose -p - 4*p + y = 0. List the prime factors of p.
2, 5
Suppose z = -3*z - 28. Let y(m) = -m + 14 - 2 - 9. What are the prime factors of y(z)?
2, 5
Suppose 0 = -0*l + l + 2*u + 42, -u + 30 = -l. Let b = l - -21. Let t = b - -18. List the prime factors of t.
5
Let u(k) = 2*k + 1. Let b be 4*(-3)/(-4) - -1. List the prime factors of u(b).
3
Let a = 116 - 72. List the prime factors of a.
2, 11
Suppose -3*g + 4*c = -17, -47 = -5*g - 0*c + 2*c. Suppose 2*u - g = -1. Suppose 0 = u*x - 3*x - 28. What are the prime factors of x?
2, 7
Let r be (-1 + -2)*(2 - 1). Let t = r - -1. List the prime factors of (-16 + t)*(-4)/6.
2, 3
List the prime factors of 68/20 + (-2)/5.
3
Suppose -116 = 2*z - 6*z. List the prime factors of z.
29
Suppose 7 = 4*h - k, -2*h = h - 5*k - 1. Let i(p) = p**2 - 3*p. Let a be i(3). Suppose h*y = 8, -2*x + 0*x - y + 26 = a. What are the prime factors of x?
11
Let l(c) = -c**2 - 12*c - 4. What are the prime factors of l(-8)?
2, 7
Let u(t) = t**3 